or of 745160?
False
Does 21 divide 7098?
True
Is 192 a factor of 96000?
True
Does 373 divide 219600?
False
Is 51136 a multiple of 34?
True
Is 1570 a factor of 20716150?
True
Does 17 divide 2439313?
True
Does 20 divide 5469166?
False
Is 15 a factor of 2410744?
False
Is 26927 a multiple of 171?
False
Does 7 divide 74386?
False
Does 10 divide 411770?
True
Does 18 divide 20466?
True
Is 634480 a multiple of 56?
True
Is 37 a factor of 1273647?
False
Does 256 divide 30973?
False
Is 236 a factor of 9151143?
False
Is 109243 a multiple of 63?
False
Is 3541768 a multiple of 355?
False
Is 34 a factor of 1758310?
True
Is 33930 a multiple of 5?
True
Does 629 divide 10517991?
False
Is 68608 a multiple of 128?
True
Is 7 a factor of 20752?
False
Does 58 divide 1164336?
False
Does 35 divide 17280655?
True
Is 75 a factor of 582375?
True
Is 59 a factor of 15399?
True
Is 15458610 a multiple of 867?
True
Is 40 a factor of 6988661?
False
Is 40005 a multiple of 15?
True
Does 16 divide 398944?
True
Does 113 divide 61563?
False
Is 2029086 a multiple of 102?
True
Is 227 a factor of 351623?
True
Is 15 a factor of 36505?
False
Does 114 divide 2397258?
False
Does 17 divide 4811?
True
Does 125 divide 59125?
True
Is 97 a factor of 571330?
True
Is 299466 a multiple of 150?
False
Does 657 divide 15385734?
False
Does 58 divide 369777?
False
Does 6 divide 100668?
True
Is 3027 a factor of 11115144?
True
Does 25 divide 55425?
True
Does 172 divide 440697?
False
Is 6558384 a multiple of 54?
False
Is 676 a factor of 1706469?
False
Is 377163 a multiple of 229?
True
Is 52 a factor of 372372?
True
Is 13 a factor of 217590?
False
Does 8 divide 13906?
False
Is 133 a factor of 9430253?
False
Does 105 divide 142999?
False
Does 23 divide 121962?
False
Is 13 a factor of 105716?
True
Is 243 a factor of 1852146?
True
Is 153914 a multiple of 82?
True
Is 21 a factor of 383480?
False
Is 212784 a multiple of 44?
True
Does 11 divide 27683?
False
Does 30 divide 815955?
False
Is 6 a factor of 10302?
True
Does 27 divide 27791?
False
Is 242 a factor of 423016?
True
Is 5 a factor of 61200?
True
Does 7 divide 3773476?
True
Does 449 divide 1045721?
True
Does 14 divide 149156?
True
Is 8 a factor of 437703?
False
Is 6860 a multiple of 70?
True
Does 923 divide 730464?
False
Is 25 a factor of 520025?
True
Does 13 divide 251622?
False
Is 228 a factor of 885780?
True
Does 61 divide 16447?
False
Does 38 divide 232807?
False
Is 439978 a multiple of 633?
False
Is 154289 a multiple of 6?
False
Is 44 a factor of 2735747?
False
Is 420 a factor of 8422260?
True
Is 8 a factor of 54336?
True
Does 8 divide 223395?
False
Does 34 divide 16592?
True
Does 13 divide 153192?
True
Does 17 divide 435591?
True
Is 299 a factor of 183014?
False
Is 12 a factor of 54378?
False
Is 133984 a multiple of 32?
True
Is 7356807 a multiple of 213?
True
Does 42 divide 2078538?
True
Is 82 a factor of 1377846?
True
Is 986400 a multiple of 480?
True
Is 3114153 a multiple of 63?
True
Does 87 divide 370272?
True
Is 14 a factor of 81948?
False
Is 166748 a multiple of 4?
True
Does 876 divide 518592?
True
Is 518 a factor of 110852?
True
Is 141778 a multiple of 7?
True
Does 1816 divide 6198008?
True
Is 3 a factor of 973002?
True
Is 5 a factor of 132868?
False
Is 6 a factor of 16709?
False
Is 944208 a multiple of 43?
False
Is 11 a factor of 1026399?
True
Is 161820 a multiple of 6?
True
Is 595 a factor of 4274480?
True
Is 30826505 a multiple of 124?
False
Is 2583 a multiple of 3?
True
Is 291397 a multiple of 10?
False
Is 2140060 a multiple of 65?
True
Is 6527523 a multiple of 474?
False
Does 87 divide 5094402?
False
Does 11 divide 72753?
False
Is 116 a factor of 9591112?
True
Is 419 a factor of 268998?
True
Is 16 a factor of 893296?
True
Is 544248 a multiple of 12?
True
Is 6184133 a multiple of 131?
False
Does 309 divide 10080182?
False
Does 1281 divide 1911007?
False
Is 1629040 a multiple of 80?
True
Is 13313488 a multiple of 592?
True
Is 69 a factor of 326755?
False
Is 501 a factor of 3783552?
True
Is 252 a factor of 7758543?
False
Is 970 a factor of 2050571?
False
Is 13 a factor of 717834?
True
Is 2101311 a multiple of 83?
True
Does 76 divide 14128172?
True
Is 616 a factor of 22176?
True
Does 58 divide 825340?
True
Is 11570 a multiple of 2?
True
Does 96 divide 775960?
False
Does 115 divide 160988?
False
Is 2162756 a multiple of 20?
False
Does 1038 divide 6921384?
True
Is 1501192 a multiple of 181?
False
Does 71 divide 228736?
False
Is 2511863 a multiple of 1250?
False
Does 51 divide 49725?
True
Is 140616 a multiple of 81?
True
Is 6 a factor of 974560?
False
Does 237 divide 13197722?
False
Is 582768 a multiple of 684?
True
Is 24 a factor of 66322?
False
Is 11 a factor of 789229?
False
Does 25 divide 163825?
True
Is 94 a factor of 326010?
False
Is 83125 a multiple of 449?
False
Is 360 a factor of 140621?
False
Is 152558 a multiple of 641?
True
Is 203490 a multiple of 85?
True
Is 10168527 a multiple of 603?
False
Does 61 divide 981978?
True
Is 16 a factor of 1241568?
True
Does 16 divide 13104?
True
Is 60024 a multiple of 246?
True
Is 15 a factor of 256020?
True
Does 42 divide 4024240?
False
Does 60 divide 252696?
False
Is 197722 a multiple of 29?
True
Is 416 a factor of 1028222?
False
Is 163 a factor of 253211?
False
Is 146850 a multiple of 75?
True
Is 104 a factor of 53560?
True
Is 35 a factor of 183645?
True
Is 35784 a multiple of 7?
True
Does 52 divide 161587?
False
Is 189 a factor of 121527?
True
Is 13 a factor of 1165164?
True
Is 172072 a multiple of 157?
True
Does 55 divide 873217?
False
Does 57 divide 13766297?
False
Is 1296288 a multiple of 10?
False
Does 54 divide 1609169?
False
Does 584 divide 1127843?
False
Is 31 a factor of 303924?
True
Does 6 divide 155787?
False
Is 14 a factor of 203434?
True
Is 7773441 a multiple of 30?
False
Is 1478802 a multiple of 18?
False
Is 429 a factor of 4375371?
True
Is 56989 a multiple of 41?
False
Is 83 a factor of 770718?
False
Is 1412422 a multiple of 371?
False
Does 355 divide 141680?
False
Is 2098676 a multiple of 14?
False
Does 36 divide 74952?
True
Is 176 a factor of 5552673?
False
Is 8727 a multiple of 126?
False
Does 17 divide 14767?
False
Is 99354 a multiple of 87?
True
Is 1221 a factor of 2001223?
False
Does 591 divide 1255981?
False
Is 6 a factor of 386232?
True
Is 4928720 a multiple of 10?
True
Is 7682532 a multiple of 11?
True
Is 577 a factor of 5897744?
False
Is 9 a factor of 1451133?
True
Is 3021435 a multiple of 67?
False
Is 120016 a multiple of 8?
True
Is 7235 a multiple of 5?
True
Is 2315689 a multiple of 4?
False
Does 16 divide 961056?
True
Does 64 divide 35167808?
True
Is 3290585 a multiple of 94?
False
Is 1865695 a multiple of 65?
True
Does 25 divide 45294?
False
Is 36 a factor of 458568?
True
Is 345 a multiple of 11?
False
Does 293 divide 95950?
False
Does 23 divide 20043043?
False
Is 42 a factor of 274863?
False
Is 182487 a multiple of 59?
True
Is 373 a factor of 18153?
False
Is 1376244 a multiple of 589?
False
Does 7 divide 786238?
False
Is 27 a factor of 579771?
True
Is 338 a factor of 1214434?
True
Is 145663 a multiple of 26?
False
Does 205 divide 4570680?
True
Is 374684 a multiple of 92?
False
Is 522 a factor of 4000608?
True
Is 152 a factor of 3609848?
True
Is 124592 a multiple of 13?
True
Is 1149 a factor of 1722351?
True
Is 31858 a multiple of 29?
False
Does 10 divide 38935?
False
Is 122436 a multiple of 228?
True
Does 229 divide 6809160?
False
Is 30 a factor of 57330?
True
Is 65320 a multiple of 568?
True
Is 19 a factor of 971717?
True
Does 48 divide 165794?
False
Is 31 a factor of 12285703?
True
Does 15 divide 400440?
True
Is 18547 a multiple of 2?
False
Is 738 a factor of 3601440?
True
Does 201 divide 10421046?
True
Is 346 a factor of 489426?
False
Is 24 a factor of 181358?
False
Is 5 a factor of 1392080?
True
Is 10560 a multiple of 22?
True
Does 47 divide 26624?
False
Is 160 a factor of 1879285?
False
Is 45 a factor of 166545?
True
Is 5 a factor of 490300?
True
Does 23 divide 26049?
False
Is 3361680 a multiple of 261?
True
Is 370 a factor of 164943?
False
Does 353 divide 6156579?
False
Is 1894755 a multiple of 117?
False
Is 975775 a multiple of 98?
False
Is 777913 a multiple of 7?
False
Does 250 divide 736138?
False
Is 43 a factor of 648650?
False
Is 6 a factor of 12348?
Tru